7*f**2 - 4*f + 12. Determine a(-5).
-18
Let u(r) = r**3 - 5*r**2 - 9*r + 9. Calculate u(6).
-9
Let m(v) = v**3 + 9*v**2 - 6*v - 17. What is m(-9)?
37
Let i(j) = -4*j + 6. Calculate i(-6).
30
Let k(q) = q - 5. Calculate k(6).
1
Let k(r) = 9*r**2 + r - 2. What is k(1)?
8
Let k(n) = 12*n + 58. Calculate k(-4).
10
Let c(o) = o**3 - 16*o**2 - 33*o - 10. Determine c(18).
44
Let o(x) = 2*x - 11. Calculate o(0).
-11
Let l(o) = o - 10. Determine l(15).
5
Let w(s) = -123*s + 125. What is w(1)?
2
Let a(p) = -p**2 + 6*p - 12. Determine a(-7).
-103
Let u(o) = 17*o + 68. Determine u(-6).
-34
Let a(p) = p**3 - 6*p**2 + 4*p - 6. What is a(6)?
18
Let x(b) = 2*b - 7. Determine x(5).
3
Let y(p) = p**3 - 2*p - 4. What is y(3)?
17
Let b(r) = r**3 + 10*r**2 + 3*r + 33. Calculate b(-10).
3
Let q(t) = 34*t - 144. What is q(4)?
-8
Let m(i) = -i**2 - 27*i - 47. Calculate m(-25).
3
Let x(a) = a**3 + 4*a - 5. What is x(2)?
11
Let o(z) = -7*z - 57. Calculate o(-6).
-15
Let u(w) = -3*w + 3. Give u(6).
-15
Let z(t) = -48*t + 810. What is z(17)?
-6
Let j(n) = -6*n - 11. What is j(3)?
-29
Let u(r) = -r**2 - r - 21. Determine u(0).
-21
Let z(k) = -3*k**2 - 3*k + 4. What is z(-2)?
-2
Let j(o) = -o**2 - 77*o + 970. What is j(-88)?
2
Let w(t) = -25*t + 4. Determine w(1).
-21
Let a(m) = m**3 - 7*m**2 + m - 10. Calculate a(8).
62
Let y(w) = -w**3 + 6*w - 4. Determine y(-3).
5
Let f(x) = 2*x**2 - 14*x - 32. Give f(9).
4
Let t(y) = -y**3 - 6*y**2 - 7*y. Give t(-6).
42
Let j(u) = 5*u + 5. Calculate j(-1).
0
Let l(g) = g**2 - 9*g - 4. Determine l(8).
-12
Let q(f) = f**3 - 4*f**2 + 6*f - 15. Determine q(4).
9
Let c(i) = i**2 + 63*i - 131. Calculate c(-65).
-1
Let c(d) = d**3 + 3*d**2 - 6*d + 2. Calculate c(2).
10
Let k(v) = 21*v**2 - 61*v - 3. Determine k(3).
3
Let b(o) = o**2 - 19*o - 15. Calculate b(20).
5
Let v(b) = -b**3 + b**2 - 2. What is v(2)?
-6
Let j(m) = 10*m - 59. Calculate j(7).
11
Let s(l) = -l**2 - 15*l + 11. What is s(-16)?
-5
Let w(l) = 12*l. Calculate w(1).
12
Let g(j) = -j**3 - 4*j**2 + j - 2. Calculate g(-7).
138
Let j(n) = -26*n + 169. Give j(6).
13
Let a(b) = -40*b + 366. Give a(9).
6
Let m(o) = o**3 - 9*o**2 + 8*o - 14. What is m(8)?
-14
Let b(f) = 20*f + 112. Determine b(-5).
12
Let b(o) = -o**2 - 4*o - 3. Give b(-4).
-3
Let w(j) = -j**3 + 8*j**2 - 14*j + 50. Give w(5).
55
Let n(q) = 20*q**2 + 31*q + 30. Calculate n(-1).
19
Let b(k) = -k**3 - 4*k**2 - k + 2. Determine b(-4).
6
Let o(g) = -5*g + 13. What is o(1)?
8
Let t(k) = -k**3 + 7*k**2 + 8*k + 10. Determine t(8).
10
Let v(y) = y**3 + 3*y**2 + 3*y + 2. Calculate v(-2).
0
Let v(q) = -q**3 - 6*q**2 - 3*q + 4. What is v(-7)?
74
Let j(m) = -m**3 + 14*m**2 + 3*m + 47. What is j(14)?
89
Let w(k) = 25*k + 78. What is w(-4)?
-22
Let n(k) = -2*k**3 + 4*k**2 - 2*k - 1. Give n(2).
-5
Let v(h) = -h**3 + 8*h**2 - 5*h + 11. Calculate v(8).
-29
Let m(w) = -17*w - 150. Calculate m(-9).
3
Let t(a) = -8*a + 1. Calculate t(-7).
57
Let y(l) = 2*l**3 - 14*l**2 + 6*l - 11. What is y(7)?
31
Let a(o) = -o**2 + 75*o - 305. Give a(4).
-21
Let l(g) = -g**3 - 13*g**2 + 115*g + 1. What is l(-19)?
-18
Let d(l) = l**3 + 11*l**2 + 15*l - 3. Calculate d(-9).
24
Let u(w) = 8*w - 40. What is u(4)?
-8
Let w(v) = -3*v + 15. Give w(-5).
30
Let h(s) = 2*s**3 - 12*s**2 - 37*s + 17. Give h(8).
-23
Let m(q) = -5*q - 84. Calculate m(-19).
11
Let h(t) = t**3 + 10*t**2 - 10*t + 14. Determine h(-11).
3
Let p(a) = -3*a**3 + 3*a**2 + 5*a. Determine p(-2).
26
Let c(p) = p**2 - 18*p - 25. Calculate c(16).
-57
Let a(u) = -3*u**2 + u + 3. Determine a(-5).
-77
Let z(f) = -f**2 - 68*f + 525. Calculate z(7).
0
Let o(i) = 4*i**3 - 103*i**2 - 23*i - 44. Give o(26).
34
Let z(v) = -2*v**2 + 16*v - 27. Give z(4).
5
Let q(z) = 14*z - 4. Give q(-3).
-46
Let x(l) = l**2 - l + 41. Give x(0).
41
Let o(c) = c**2 + 6*c + 4. Give o(-10).
44
Let j(w) = 37*w + 1. Give j(-1).
-36
Let r(x) = -2*x**2 + 7. Determine r(3).
-11
Let z(j) = -13*j + 5. Calculate z(1).
-8
Let s(o) = -o**3 - 3*o**2 + o - 14. What is s(-6)?
88
Let y(k) = -k**2 + 12*k - 1. Give y(13).
-14
Let m(r) = -19*r + 5. Give m(3).
-52
Let r(c) = c**2 + 17*c + 1. Give r(-6).
-65
Let g(r) = r**2 - 14*r - 19. Give g(14).
-19
Let u(d) = -25*d - 173. Calculate u(-6).
-23
Let g(n) = n + 4. Determine g(-2).
2
Let s(r) = r**3 + 10*r**2 + 10*r + 2. Give s(-9).
-7
Let v(i) = i + 18. Give v(-6).
12
Let c(y) = -y**2 + 7*y + 18. Give c(10).
-12
Let j(i) = 17*i + 1. What is j(1)?
18
Let s(n) = -n**3 + 15*n**2 - 14*n - 4. Calculate s(14).
-4
Let t(p) = -5*p + 10. What is t(5)?
-15
Let y(a) = -a - 19. Give y(-17).
-2
Let y(v) = v**2 - 13*v + 49. Give y(7).
7
Let s(f) = f**2 - 11*f - 27. Determine s(13).
-1
Let r(y) = y + 14. Calculate r(-5).
9
Let j(h) = 3*h + 3. Calculate j(11).
36
Let j(c) = 4*c**2 + 33*c + 39. Calculate j(-6).
-15
Let q(z) = z**3 - 2*z - 88. Determine q(0).
-88
Let x(s) = s**3 - 7*s**2 + 7*s + 1. Determine x(5).
-14
Let l(i) = i**2 - 21*i + 52. Give l(18).
-2
Let g(z) = -68*z**3 - 2*z**2 + z. What is g(1)?
-69
Let x(m) = m**3 - 6*m**2 + 4*m + 3. What is x(4)?
-13
Let y(f) = -f**2 + 8*f - 9. Calculate y(3).
6
Let d(v) = 5*v**2 - 44*v - 13. Calculate d(9).
-4
Let j(y) = y + 3. What is j(0)?
3
Let l(g) = -g**3 + 9*g**2 + 21*g + 13. Determine l(11).
2
Let k(l) = -l**3 - 8*l**2 - 7*l - 5. Calculate k(-3).
-29
Let i(q) = -q**3 + q**2 - q - 2. Calculate i(-2).
12
Let n(x) = 11*x + 165. Determine n(-16).
-11
Let h(n) = 4*n - 9. Calculate h(4).
7
Let d(v) = -3*v - 14. Determine d(-9).
13
Let p(g) = -g**3 + 4*g**2 - 3*g + 1. Determine p(2).
3
Let b(d) = d**3 - 19*d**2 + 24*d - 100. Calculate b(18).
8
Let j(k) = -2*k**2 - 16*k + 5. Give j(-7).
19
Let d(m) = -19*m + 6. Calculate d(-2).
44
Let j(b) = b**2 - b + 3. Calculate j(0).
3
Let a(k) = 2*k**2 - 33*k - 136. What is a(20)?
4
Let n(k) = -2*k**2 - 33*k + 15. Give n(-14).
85
Let s(d) = d**3 - 5*d**2 + 3*d - 5. Give s(4).
-9
Let k(m) = -m**3 - 5*m**2 + 4*m. What is k(-6)?
12
Let x(m) = -m**3 - 21*m**2 - m - 16. What is x(-21)?
5
Let y(u) = 9*u + 71. Determine y(-6).
17
Let v(f) = 3*f + 15. Determine v(3).
24
Let z(n) = n**2 - 21*n + 31. Determine z(11).
-79
Let y(m) = -m**2 - 4*m + 4. Calculate y(-4).
4
Let x(t) = 2*t**3 + 3*t**2 - 2*t - 3. Give x(-3).
-24
Let r(n) = -n**3 + 15*n**2 + 17*n - 9. Determine r(16).
7
Let k(z) = z**3 + 36*z**2 - 34*z + 105. Calculate k(-37).
-6
Let d(g) = -g**2 - 12*g + 16. Determine d(-5).
51
Let y(t) = 16*t. What is y(1)?
16
Let p(s) = 4*s + 13. Give p(-5).
-7
Let z(i) = i - 17. Determine z(7).
-10
Let n(y) = 3*y**2 + 2*y - 2. Give n(-2).
6
Let g(f) = -f**2 - 7*f + 12. Calculate g(-7).
12
Let u(p) = -p**3 - p**2 + 4*p + 2. Calculate u(0).
2
Let b(r) = r**3 + 6*r**2 - 9*r - 16. What is b(-7)?
-2
Let u(f) = -4*f**2 + 5*f + 2. Determine u(-2).
-24
Let h(i) = i**3 - 8*i**2 + 7*i + 28. Give h(3).
4
Let b(d) = 14*d**2 + d - 6. Determine b(2).
52
Let k(z) = 3*z**2 + 3. Determine k(-3).
30
Let a(l) = -2*l**2 - 17*l + 14. Give a(-8).
22
Let x(q) = q**3 - 4*q**2 + 3*q - 4. Determine x(3).
-4
Let y(r) = -r**2 + 15*r + 2. Determine y(10).
52
Let j(h) = -2*h**2 + 88*h + 180. Determine j(46).
-4
Let j(b) = b**3 + 10*b**2 - b - 9. Determine j(-10).
1
Let q(k) = 2*k**3 + k**2 + k - 15. Calculate q(0).
-15
Let j(i) = i + 16. Give j(-10).
6
Let v(c) = c**3 - 4*c**2 - 2*c - 1. Give v(4).
-9
Let m(h) = 2*h**2 - 2*h + 3. Determine m(2).
7
Let c(y) = -2*y + 9. Determine c(15).
-21
Let o(d) = 4*d**2 - d - 17. Give o(5).
78
Let f(x) = -20*x + 3. What is f(2)?
-37
Let s(v) = v**3 + 10*v**2 - 27*v - 46. Give s(-12).
-10
Let a(i) = i**3 + 26*i**2 + 47*i - 14. Determine a(-24).
10
Let q(h) = -h**3 - 15*h**2 - 16*h - 30. Determine q(-14).
-2
Let u(x) = 31*x + 116. Give u(-4).
-8
Let u(d) = d**2 + d - 3. Calculate u(-3).
3
Let j(d) = -d + 17. Give j(-11).
28
Let p(u) = u**3 + 8*u**2 - 2*u + 65. Give p(-9).
2
Let z(t) = 3*t**2 - 6*t - 6. Give z(-2).
18
Let j(l) = l**2 + 31*l + 72. What is j(-29)?
14
Let l(p) = 7*p + 84. Determine l(-12).
0
Let h(k) = -31*k**3 - 2*k**2 + 1. Give h(-1).
30
Let i(u) = -2*u**2 - 9*u + 8. Give i(1).
-3
Let t(f) = -f**3 + 5*f**2 - 4*f + 15. Calculate t(5).
-5
Let y(g) = g**3 + 34*g**2 - 73*g - 21. Calculate y(-36).
15
Let a(v) = -v**3 - 21*v**2 + 51*v + 124. Calculate a(-23).
9
Let x(v) = -10*v. Determine x(-5).
50
Let w(c) = c**3 - 7*c**2 - 6*